 - 1?
-22002011100210210
In base 11, what is -2192 + -56?
-2238
In base 3, what is 0 + -21000001001202122?
-21000001001202122
In base 16, what is 2304a - -49c?
234e6
In base 4, what is 3 + 32022110011013?
32022110011022
In base 6, what is -2331003 - -44?
-2330515
In base 15, what is -95162ba - 1?
-95162bb
In base 5, what is 3 - -103210324030?
103210324033
In base 15, what is 136c965e + 2?
136c9661
In base 7, what is 4240 - 60352?
-53112
In base 6, what is 443410221033 - 0?
443410221033
In base 4, what is 10 + -12231322103?
-12231322033
In base 6, what is -13 - 304030454?
-304030511
In base 7, what is -106 + -12230604?
-12231013
In base 14, what is -38 - -2c291?
2c257
In base 12, what is -181258b + -28?
-18125b7
In base 10, what is 4483 - 535?
3948
In base 2, what is 1 + 101110010111100001001101?
101110010111100001001110
In base 6, what is 1 - 101302032?
-101302031
In base 15, what is -53b31 - 987?
-545b8
In base 8, what is -3 - 111276?
-111301
In base 11, what is -67023 - -111?
-66a12
In base 3, what is 11 + -11101220021101?
-11101220021020
In base 16, what is -195 - 362f?
-37c4
In base 3, what is -12120020102 + -2010?
-12120022112
In base 4, what is 20 - 1100213232100?
-1100213232020
In base 5, what is -14323322 + -34314?
-14413141
In base 11, what is 117885 + -711?
117174
In base 8, what is 252 + -6052527?
-6052255
In base 3, what is 1000 - 112222110022020?
-112222110021020
In base 6, what is 1 + 2224343514?
2224343515
In base 10, what is -102 + 46772?
46670
In base 5, what is 1113211 - -1000?
1114211
In base 15, what is -4c1 - -11d89?
118b8
In base 6, what is -101 - 1134540004?
-1134540105
In base 6, what is 12223005334 - 0?
12223005334
In base 15, what is -16c - 31e44?
-320b1
In base 3, what is 2000110 - -10221112?
12221222
In base 7, what is -121232013 - -5?
-121232005
In base 12, what is -12 - -9577518?
9577506
In base 8, what is 5 + -4050074?
-4050067
In base 14, what is 4b913a + 3?
4b913d
In base 12, what is -41710 - -571?
-4115b
In base 11, what is 17014a8 - 10?
1701498
In base 7, what is 355344014 - 4?
355344010
In base 5, what is -202 + 11321013212?
11321013010
In base 11, what is 1257704726 + -2?
1257704724
In base 3, what is 220210201211022 + 21?
220210201211120
In base 5, what is 140030 + 1103233?
1243313
In base 12, what is 277a0 + 1a29?
29609
In base 4, what is 102232 - 10220320?
-10112022
In base 2, what is 11010000 + -111110010101001110?
-111110010001111110
In base 4, what is -12103030 + 1?
-12103023
In base 4, what is 301011023301 + -11?
301011023230
In base 6, what is -5534543150 + 12?
-5534543134
In base 16, what is 4 + -6d01b?
-6d017
In base 15, what is 383 - c49d?
-c11a
In base 4, what is -23 - -30022030233?
30022030210
In base 6, what is 213245115235 + -3?
213245115232
In base 14, what is -40a9 - 27c?
-4347
In base 12, what is 27034b + -2?
270349
In base 10, what is -2887193 + 1?
-2887192
In base 12, what is -4045 + -389?
-4412
In base 11, what is 6334 + -356?
5a89
In base 7, what is 1135262 + 1003?
1136265
In base 4, what is -20231113 + 201?
-20230312
In base 13, what is 5403 - 68?
5368
In base 16, what is 42 + 25256?
25298
In base 2, what is 100010011111110010101101 + 1000?
100010011111110010110101
In base 14, what is -b53 + 13781?
12a2c
In base 7, what is 151654505 - 0?
151654505
In base 12, what is -2 - -11b057?
11b055
In base 15, what is -3714dac - 3?
-3714db0
In base 2, what is -110 + -100001110011100110101100?
-100001110011100110110010
In base 8, what is 320163 + 40?
320223
In base 13, what is 1147 - -40a0?
5217
In base 6, what is -4452443414 - -4?
-4452443410
In base 7, what is 1 - 21021431?
-21021430
In base 5, what is -4423 - -3442344?
3432421
In base 3, what is 1021121101 + 20010022?
1111201200
In base 5, what is 1404 - 2132431?
-2131022
In base 3, what is -110201222 + -211111?
-111120110
In base 5, what is 21 - -30034243?
30034314
In base 10, what is 2443370 + 66?
2443436
In base 8, what is 42 + 226664?
226726
In base 14, what is 5 - -213c87c?
213c883
In base 11, what is -3 + 9726313?
9726310
In base 16, what is 9773b0 + 2?
9773b2
In base 3, what is 11 + -121012211200221202?
-121012211200221121
In base 15, what is -1b - a2772d?
-a27749
In base 13, what is 341 - 375c?
-341b
In base 12, what is -8b591 - 24a?
-8b81b
In base 13, what is -58a334 - 17?
-58a34b
In base 13, what is -69c9a + 4?
-69c96
In base 15, what is 18 - 1a0e3e?
-1a0e26
In base 7, what is 3425 + 405021?
411446
In base 12, what is -4 - -b09729a?
b097296
In base 12, what is 2 - 1085409?
-1085407
In base 3, what is 11022 + 100220200?
101001222
In base 3, what is -111 - 1101000221000101?
-1101000221000212
In base 8, what is 22 + 6136?
6160
In base 13, what is -71097c - 7?
-710986
In base 6, what is 15445 + 23051?
42540
In base 5, what is -4 - 421132342132?
-421132342141
In base 4, what is 10 - 121121122?
-121121112
In base 2, what is 111100100101100000101 + 10010001?
111100100101110010110
In base 10, what is -4028 - 164140?
-168168
In base 16, what is -2 - -6900f39?
6900f37
In base 7, what is 23023403 - 6?
23023364
In base 13, what is -8368 + 708?
-7960
In base 7, what is -345351 + 21?
-345330
In base 4, what is 110 + 21002203?
21002313
In base 4, what is -21320032 - 21223?
-22001321
In base 10, what is -19 + 15760077?
15760058
In base 8, what is -3 - -7302364?
7302361
In base 4, what is 223301201 - 110?
223301031
In base 11, what is -2981a95 + -2?
-2981a97
In base 16, what is -b6dc145 - 2?
-b6dc147
In base 3, what is -202 - 21021201002110?
-21021201010012
In base 7, what is -351 + -205012?
-205363
In base 12, what is 9b + 7455?
7534
In base 2, what is -11 + 11010101101110101111111011?
11010101101110101111111000
In base 12, what is 70700b - -9?
707018
In base 12, what is 1 - 1411196?
-1411195
In base 16, what is -4a92da0 - 0?
-4a92da0
In base 6, what is -3410 + 12410?
5000
In base 14, what is -36074c - -187?
-3605a5
In base 3, what is -1200022022 + 110220202?
-1012101120
In base 11, what is 99 + -a38620?
-a38532
In base 5, what is -1034413102242 - 2?
-1034413102244
In base 9, what is 5063643 + -28?
5063614
In base 3, what is -120121 - 11012011020?
-11012201211
In base 4, what is -312133032 - -1033020?
-311100012
In base 10, what is 229938 + 41?
229979
In base 8, what is 2155 - 52552?
-50375
In base 10, what is -375482 + 21?
-375461
In base 2, what is 101111001 + 11000101110100?
11001011101101
In base 16, what is -732 + -260?
-992
In base 9, what is 74802776 - -4?
74802781
In base 9, what is -52827 + 368?
-52448
In base 6, what is 2 - 344511211?
-344511205
In base 13, what is 6506901 + 3?
6506904
In base 14, what is 106a - -3438a?
35416
In base 15, what is -886d19 + -6?
-886d20
In base 10, what is -2335331 - 33?
-2335364
In base 13, what is -11c10 - -1881?
-1035c
In base 3, what is 1100220201012 + 11111?
1100220212200
In base 12, what is 48269137 - 5?
48269132
In base 9, what is 2451103 - 38?
2451054
In base 15, what is -116be24 + 5?
-116be1e
In base 4, what is -121203323 - -100?
-121203223
In base 12, what is -995a041 - -6?
-995a037
In base 11, what is -2 - -18a80719?
18a80717
In base 11, what is a - -2905882?
2905891
In base 7, what is -11221036 - -64?
-11220642
In base 10, what is -13083 + -1?
-13084
In base 14, what is 517a - -1586?
6722
In base 15, what is -4 - -47b68e1?
47b68dc
In base 3, what is -121122012112221 - 11?
-121122012120002
In base 8, what is 123270 + 153?
123443
In base 6, what is -1232320430 - -3?
-1232320423
In base 2, what is 10101011010001100 - 100000101100?
10100111001100000
In base 10, what is -10813 - -1511?
-9302
In base 11, what is 19637 + -2101?
17536
In base 9, what is -212514155 + 5?
-212514150
In base 3, what is 121100001120 - -20110?
121100022000
In base 4, what is -3021010 + -11110002?
-20131012
In base 15, what is -25d172 + -30?
-25d1a2
In base 5, what is 13110112344 + 10?
13110112404
In base 10, what is 890968 - 58?
890910
In base 7, what is 60426665 + -22?
60426643
In base 16, what is 6931 - -5cb?
6efc
In base 16, what is a - -4c42?
4c4c
In base 2, what is 1110101101111110010000 - 10010?
1110101101111101111110
In base 9, what is -4 + 303811010?
303811005
In base 12, what is -27240 + 866?
-26596
In base 8, what is 1 - -24223724?
24223725
In base 14, what is 0 - 91265d1?
-91265d1
In base 13, what is 57 - 58306?